{"id":104,"date":"2020-01-25T11:29:16","date_gmt":"2020-01-25T10:29:16","guid":{"rendered":"http:\/\/kanea.be\/?page_id=104"},"modified":"2020-02-01T00:39:43","modified_gmt":"2020-01-31T23:39:43","slug":"reglement-dordre-interieur","status":"publish","type":"page","link":"https:\/\/kanea.be\/?page_id=104","title":{"rendered":"R\u00e8glement d&rsquo;ordre int\u00e9rieur"},"content":{"rendered":"\n<p>Kanea asbl s\u2019engage \u00e0 respecter le code de qualit\u00e9 de l\u2019ONE, entr\u00e9 en vigueur le 1er janvier 2004 et les normes d\u2019encadrement et de s\u00e9curit\u00e9.<\/p>\n\n\n\n<p>Nous offrons aux parents les garanties suivantes quant \u00e0 la qualit\u00e9 de l\u2019encadrement propos\u00e9:&nbsp;<\/p>\n\n\n\n<ul><li>Un projet d\u2019accueil visant le bien-\u00eatre global de l\u2019enfant<\/li><li>Le d\u00e9veloppement de l\u2019autonomie, la socialisation et la citoyennet\u00e9<\/li><li>L\u2019\u00e9panouissement physique et cr\u00e9atif de l\u2019enfant<\/li><\/ul>\n\n\n\n<ol><li><strong>D\u00e9nomination juridique :&nbsp;<\/strong><\/li><\/ol>\n\n\n\n<p>L&rsquo;association d\u00e9nomm\u00e9e \u00ab\u00a0Kanea\u00a0\u00bb est une association sans but lucratif, <em>asbl<\/em>.<\/p>\n\n\n\n<p>Le si\u00e8ge social se situe : Rue E. Van Overstraeten 11, 1082 Berchem-Sainte-Agathe.<\/p>\n\n\n\n<p>Les statuts ont \u00e9t\u00e9 publi\u00e9s au moniteur belge sous le num\u00e9ro d\u2019entreprise: &nbsp;<strong>0731.697.823<\/strong><\/p>\n\n\n\n<ol><li><strong>Les responsables et les membres de Kanea:&nbsp;<\/strong><\/li><\/ol>\n\n\n\n<p>L&rsquo;association est compos\u00e9e de 2 membres qui repr\u00e9sentent le Comit\u00e9<\/p>\n\n\n\n<p>M. Nawfal Ben Messaoud<\/p>\n\n\n\n<p>Mme Emmanuelle Locci<\/p>\n\n\n\n<p>L\u2019adresse email pour contacter les membres du Comit\u00e9: info@kanea.be<\/p>\n\n\n\n<ol><li><strong>Type d\u2019accueil organis\u00e9&nbsp;:<\/strong><\/li><\/ol>\n\n\n\n<p>Kanea organise des ateliers parascolaires pendant l\u2019ann\u00e9e scolaire, apr\u00e8s les heures d\u2019enseignement officiel, des stages durant les vacances scolaires.<\/p>\n\n\n\n<ol><li><strong>Activit\u00e9s et horaire&nbsp;:<\/strong><\/li><\/ol>\n\n\n\n<p>Les ateliers parascolaires organis\u00e9s sont accessibles avec les horaires suivants:<\/p>\n\n\n\n<p>Pendant les temps libres, en-dehors des horaires scolaires.<\/p>\n\n\n\n<p><\/p>\n\n\n\n<ol><li><strong>Lieu des activit\u00e9s&nbsp;:<\/strong><\/li><\/ol>\n\n\n\n<p>Les ateliers sont organis\u00e9s sur la commune de Berchem-Sainte-Agathe.<\/p>\n\n\n\n<p>Les infrastructures scolaires, les installations sanitaires, les salles de psychomotricit\u00e9 et de gymnastique, les classes ainsi que le mat\u00e9riel s\u2019y trouvant habituellement sont mis \u00e0 la disposition de Kanea pour le bon fonctionnement des ateliers parascolaires et des stages. La d\u00e9signation des locaux utilis\u00e9s se fait en accord avec la Commune ou un autre partenaire.<\/p>\n\n\n\n<p>Une convention de collaboration et de mise \u00e0 disposition de locaux entre l\u2019administration communale de Berchem-Sainte-Agathe et l\u2019association est \u00e9tablie et renouvelable pour chaque activit\u00e9.<\/p>\n\n\n\n<ol><li><strong>Objet Personnel, perte et vol&nbsp;:<\/strong><\/li><\/ol>\n\n\n\n<p>La perte, la d\u00e9t\u00e9rioration ou le vol des v\u00eatements ne sont pas assur\u00e9s. Par ailleurs, l\u2019apport d\u2019objets \u00e9trangers et de valeurs (bijoux, jouets, argents, t\u00e9l\u00e9phone portable, lecteur mp3, mp4, &#8211; iPod, etc.) est interdit et aucune assurance ne couvre leur perte ou leur vol.<\/p>\n\n\n\n<ol><li><strong>Assurance&nbsp;:&nbsp;<\/strong><\/li><\/ol>\n\n\n\n<p>Kanea souscrit une assurance responsabilit\u00e9 civile, d\u00e9g\u00e2ts mat\u00e9riels et physiques avant le d\u00e9but des activit\u00e9s, couvrant tous les participants (enfants et animatrices).&nbsp; Cette assurance est renouvel\u00e9e chaque ann\u00e9e.<\/p>\n\n\n\n<ol><li><strong>Inscriptions&nbsp;:&nbsp;<\/strong><\/li><\/ol>\n\n\n\n<p>Tous nos ateliers et stages sont pr\u00e9sent\u00e9s sur notre site web et sont parfois relay\u00e9s par nos partenaires. Les inscriptions se font uniquement en ligne en suivant la proc\u00e9dure indiqu\u00e9e.<\/p>\n\n\n\n<p>Toute information importante concernant la sant\u00e9 de l\u2019enfant doit \u00eatre clairement indiqu\u00e9e par les parents sur le bulletin d\u2019inscription dans la section pr\u00e9vue \u00e0 cet effet.<\/p>\n\n\n\n<p>L\u2019inscription est d\u00e9finitive uniquement quand les parents ont re\u00e7u la confirmation de Kanea par email. Notez cependant qu\u2019une inscription ne peut \u00eatre prise en compte qu\u2019apr\u00e8s r\u00e9ception du paiement.<\/p>\n\n\n\n<ol><li><strong>Prix et modalit\u00e9s de paiement&nbsp;:&nbsp;<\/strong><\/li><\/ol>\n\n\n\n<p>Le paiement se fait soit en cash soit sur notre compte bancaire en mentionnant le nom, le pr\u00e9nom de l\u2019enfant et l\u2019activit\u00e9 choisie. Une attestation fiscale sera donn\u00e9e aux parents dans le courant du mois de mai.<\/p>\n\n\n\n<p>Kanea s\u2019engage \u00e0 vous aider dans tous les d\u00e9marches qui permettent d\u2019obtenir des aides financi\u00e8res (mutuelle, ch\u00e8ques loisirs, CPAS\u2026)<\/p>\n\n\n\n<ol><li><strong>Taux d\u2019encadrement&nbsp;:<\/strong><\/li><\/ol>\n\n\n\n<p>Nous pr\u00e9voyons un animateur pour 15 enfants maximum pour les ateliers et pour 12 enfants maximum par stage.&nbsp;<\/p>\n\n\n\n<ol><li><strong>Equipe d\u2019animation&nbsp;:&nbsp;<\/strong><\/li><\/ol>\n\n\n\n<p>Nos \u00e9quipes ont pour r\u00f4le de pr\u00e9parer le local o\u00f9 l\u2019activit\u00e9 se d\u00e9roulera avant l\u2019arriv\u00e9e des enfants, d\u2019accueillir les enfants, d\u2019animer l\u2019atelier parascolaire\/ le stage&nbsp; pour lequel elles se sont engag\u00e9es, de ranger le local. Elles assurent la mise en place d\u2019un cadre clair et veillent au respect de celui-ci, elles encadrent les activit\u00e9s, elles informent les parents (modalit\u00e9s du stage, bien-\u00eatre de l\u2019enfant, repas,&#8230;), elles veillent \u00e0 la mise en application des objectifs du projet p\u00e9dagogique.&nbsp;<\/p>\n\n\n\n<p>Nous veillons \u00e0 collaborer uniquement avec des \u00e9quipes qui poss\u00e8dent des connaissances&nbsp; approfondies en  mati\u00e8re de d\u00e9veloppement de l\u2019enfant.<br><\/p>\n","protected":false},"excerpt":{"rendered":"<p>Kanea asbl s\u2019engage \u00e0 respecter le code de qualit\u00e9 de l\u2019ONE, entr\u00e9 en vigueur le 1er janvier 2004 et les normes d\u2019encadrement et de s\u00e9curit\u00e9. Nous offrons aux parents les garanties suivantes quant \u00e0 la qualit\u00e9 de l\u2019encadrement propos\u00e9:&nbsp; Un projet d\u2019accueil visant le bien-\u00eatre global de l\u2019enfant Le d\u00e9veloppement de l\u2019autonomie, la socialisation et [&hellip;]<\/p>\n","protected":false},"author":1,"featured_media":0,"parent":0,"menu_order":0,"comment_status":"closed","ping_status":"closed","template":"","meta":[],"_links":{"self":[{"href":"https:\/\/kanea.be\/index.php?rest_route=\/wp\/v2\/pages\/104"}],"collection":[{"href":"https:\/\/kanea.be\/index.php?rest_route=\/wp\/v2\/pages"}],"about":[{"href":"https:\/\/kanea.be\/index.php?rest_route=\/wp\/v2\/types\/page"}],"author":[{"embeddable":true,"href":"https:\/\/kanea.be\/index.php?rest_route=\/wp\/v2\/users\/1"}],"replies":[{"embeddable":true,"href":"https:\/\/kanea.be\/index.php?rest_route=%2Fwp%2Fv2%2Fcomments&post=104"}],"version-history":[{"count":3,"href":"https:\/\/kanea.be\/index.php?rest_route=\/wp\/v2\/pages\/104\/revisions"}],"predecessor-version":[{"id":131,"href":"https:\/\/kanea.be\/index.php?rest_route=\/wp\/v2\/pages\/104\/revisions\/131"}],"wp:attachment":[{"href":"https:\/\/kanea.be\/index.php?rest_route=%2Fwp%2Fv2%2Fmedia&parent=104"}],"curies":[{"name":"wp","href":"https:\/\/api.w.org\/{rel}","templated":true}]}}